is 14 - (-5 + -7 + 11)?
15
Calculate (-1 + 17 - 28) + (-5 - 0).
-17
Calculate 11 + (21 - 21 - 1).
10
What is -6 + 0 + (124 - 107)?
11
Evaluate 20 + -6 + 5 + -1.
18
What is (14 - 2) + -4 + (-6 + -2 - 3)?
-3
Evaluate -1 + 7 + 443 + -462.
-13
Evaluate (67 - 78) + (-3 - -9) + 2.
-3
What is the value of 29 + 4 - (7 + -1 - (0 + 7))?
34
12 - (-12 - -11 - 6)
19
Evaluate -6 + 1 + 40 + (12 + -16 - 4).
27
20 - (-3 - -9) - (3 - -6)
5
What is the value of (3 + -6 + 6 - 16) + 10?
-3
What is the value of -16 - (10 + -13) - -11?
-2
What is the value of -5 + 22 + 30 + -53?
-6
Calculate 19 + (-30 - (15 + -22)).
-4
What is -27 + -2 + (12 - (13 + (6 - 12)))?
-24
What is the value of 12 + (16 - 48) + 12?
-8
Evaluate 5 + 3 + (6 + (2 - 8) - -7).
15
What is the value of 206 + -218 - (-24 + -1 - 0)?
13
Evaluate 0 + 5 + (-10 - (15 + (8 - 13))).
-15
What is (9 - 2) + (-7 - 2) - -6?
4
What is the value of 2 - ((30 - -6) + -21)?
-13
What is the value of (-15 - -31) + 10 + -3 + -3 + -8?
12
What is -5 + -10 + 1 - 7?
-21
-9 - ((-1 - -3 - -8) + -2)
-17
What is (118 - 126) + 16 + -4 + 7?
11
Evaluate -2 + -1 + -18 + 3 + 5.
-13
Evaluate (-39 - -56) + -4 + -1.
12
What is the value of (26 - 34) + -24 + 35?
3
Calculate 550 + -561 + -3 + (1 - 7).
-20
What is 10 + -21 - -12 - (-21 - -31)?
-9
What is the value of -28 + (-25 + 41 - -21)?
9
Evaluate -1 + 1 + -7 + (-19 + 27 - 6).
-5
(-111 + 116 - (10 - 0)) + 15
10
What is the value of 7 + -19 - -2 - (-26 - -2)?
14
Calculate 19 + -42 + 4 - -21.
2
(68 - 60) + (-10 - (1 - 2))
-1
Evaluate 23 - (16 + 0 + 8 + (-27 - -10)).
16
-16 + (-4 - -39) - 32
-13
Calculate -17 - (-4 - (-15 - -28)).
0
Calculate -10 + 6 - -9 - (0 - -3).
2
Evaluate (-18 - -9) + 36 + -13.
14
What is (-3 - -1) + -19 + 25 + -7 - -5?
2
What is the value of 4 + -2 + (-8 - 5) - -1?
-10
What is the value of 23 + -18 + (-3 - -1)?
3
9 + -4 + (5 - (3 + -3 + 4))
6
-4 + -22 + 26 + 8
8
Evaluate (5 - (-1 + 3)) + 497 + -478.
22
What is 5 + (-5 - (-9 - 3))?
12
Calculate 21 - 30 - (-12 - 0).
3
What is the value of -6 - (8 - (-6 + 21)) - -2?
3
What is (14 - (21 + -1) - -44) + -12?
26
What is the value of 2 - (12 + 1) - (-22 + 21)?
-10
What is (2 - 19) + 2 + -1 + 6?
-10
What is the value of -5 - (-3 + -15 + 3) - (-17 + 25)?
2
What is the value of -295 + 313 - (7 - (1 + -3))?
9
Calculate -5 - (48 + -38 + (-2 - -3) + -4).
-12
What is 4 + -17 + 10 - -8?
5
What is the value of 0 + 2 + 12 - (5 - -2)?
7
Evaluate 595 + -617 - (-19 - -1).
-4
What is the value of 3 - 1 - (-2 - -2) - (41 + -10)?
-29
Evaluate 25 - (-22 + -14 + 61).
0
What is 7 - (-7 + 18 + -13) - 0?
9
What is the value of -27 - (-31 - -20) - -11?
-5
What is 8 + (-6 - (-4 - -5 - 4 - -2))?
3
Evaluate -37 - (12 + -63 + 32).
-18
Evaluate 0 + (-10 - ((0 - 0 - 1) + -3)).
-6
What is -23 + 0 + 3 + (2 + 8 - 5)?
-15
What is the value of (2 - -1 - (0 - 2)) + -1?
4
What is the value of (25 - 49) + (9 - -9)?
-6
-5 + -7 + (87 - 64)
11
-64 + -1 - (-48 + 14)
-31
What is -34 + -24 + (43 - -2)?
-13
What is (20 + -31 - 14) + 13?
-12
(-3 + 15 - 4) + (-112 - -99)
-5
What is -40 + (-26 - -5) - -32?
-29
Evaluate -25 + -19 + (14 - -14).
-16
What is the value of -7 + 8 + (-9 - (-10 + 4)) + -16?
-18
Evaluate (-53 - 12) + 20 + 36.
-9
Evaluate (-19 - (-1 + -2)) + -2 - (27 + -26).
-19
8 - 1 - (-10 + 1 + -69 + 74)
11
Calculate 5 + (-5 - 3 - (-9 - -7)) + 2.
1
What is the value of (-9 + 9 - -10) + -9?
1
-3 + -2 + 43 + -27 - 19
-8
Calculate 27 - 0 - (0 + -2 - (-31 + 21)).
19
What is -34 + 19 - (-20 - -12) - -34?
27
Calculate (-9 + 21 - 6) + -4.
2
Calculate 547 + -548 - (-2 + 12 - -1).
-12
Calculate -15 + 6 + 29 + -2 + -1.
17
-17 + (50 - 21) + (-39 - 2)
-29
3 - (5 + -3 + (12 - -1) + -9)
-3
What is the value of 5 + 3 + (-5 - 2 - (18 + -20))?
3
What is the value of (-13 - -11) + -6 - (4 - (2 + -2))?
-12
Evaluate (1466 - 1458) + (17 - -2).
27
What is the value of 34 + -17 + -39 + 3 + -1 + -6?
-26
What is the value of -8 - ((-22 - -34) + -8)?
-12
Calculate 10 + -21 - -43 - 19.
13
What is (31 - 13) + (-3 + 1 - (0 - -1))?
15
What is the value of 4 + -2 + -2 + 0 - 0?
0
Calculate 6 + (-11 - -8) + 0 + -1 + 0.
2
Calculate 4 + (11 - 7) + 2 - -5.
15
What is the value of (-14 - (1 - -1)) + 5 + 2 + -9?
-18
What is (-13 - 1) + (13 - 5)?
-6
Evaluate 8 + (-5 + 7 - 18) + 10 + -21.
-19
What is the value of (10 - 0) + 421 + -421?
10
Calculate (27 - (-8 - -26)) + (1 - 46).
-36
What is -2 - (-4 + (7 - 8)) - 7?
-4
What is -39 + 14 + (7 - -19)?
1
Evaluate 9 + (-25 + 27 - 29) + (-1 - 2).
-21
What is 15 - ((4 + -3 - -1) + (-2 - 1))?
16
What is 3 + -18 + 22 + 1 + 1?
9
Evaluate (5 - 3) + 3 - (15 - (-10 + 2)).
-18
What is the value of 22 - (0 - (11 - (8 - -7)))?
18
Evaluate -4 + 1 - (-285 + 275).
7
What is (20 - 1 - 0) + 2 - (3810 + -3814)?
25
What is -21 + -1 + (10 - (21 + -11))?
-22
What is the value of (-28 - -61) + -40 - (-2 - 3 - -2)?
-4
Calculate (4 - 2 - -2) + (0 - (-15 - -26)).
-7
What is (-18 + 31 - 37) + 36?
12
Evaluate (4 - 3) + 0 + (-22 - -25) + -14.
-10
Calculate 1 + -19 - (-63 - -48).
-3
What is 15 - (-1 - -1 - 8 - 11 - -10)?
24
Evaluate (6 + 0 + -14 - 20) + 15.
-13
Evaluate -1168 + 1166 - (-1 - -1).
-2
What is -5 + (3 - (-2 + 4)) + -5?
-9
What is the value of -8 + -8 + 0 + 26 + 0?
10
Calculate 13 + (10 - ((2 - -11) + 4) - -3).
9
(0 - 19 - -17) + (2 - -3)
3
10 - (15 - (-5 + 17)) - 14
-7
Calculate 7 - 4 - -1 - (-5 + (3 - -2)).
4
What is the value of (6 - -20 - 3) + -45?
-22
What is 12 + ((0 - (18 - 6)) + -2 - -8)?
6
What is the value of (16 - 29 - 8) + 3 - -31?
13
Evaluate 54 + -80 - (4 + -17).
-13
Calculate 10 + (9 - (11 + -6 + -4)).
18
Evaluate (1 - 12) + (4 - 2) - 7.
-16
What is the value of -10 + (-18 - 4 - -6) + 0?
-26
Calculate -7 - -3 - (-52 - -62).
-14
58 + (28 - 24) - 32
30
Evaluate -14 - (-14 + -28 - -19).
9
What is 15 + (-10 - (-59 + 29))?
35
What is -2 + (-1 - (3 + 12 + -10))?
-8
What is -81 + 75 - (3 - 3)?
-6
What is the value of -6 - (-25 + 11 - -10)?
-2
Evaluate (-2 - -26) + -1 + (-18 - 14) + 31.
22
Evaluate 0 - (-14 + (-8 + -2 + 5 - -5)).
14
What is the value of (10 + 3 - (2 + 2)) + 118 + -113?
14
Calculate (4 - -8 - 40) + 19 - (-21 - -1).
11
Calculate 21 + -14 + 10 + -1 + -1.
15
Calculate 2 + 28 + (-2 - 9) + -5.
14
What is 43 - ((13 - 5) + 8)?
27
Evaluate 10 - (-40 - (27 + -94)).
-17
Calculate (36 + -6 - 36) + 18.
12
What is (7 - 1) + (-24 + 10 - -18)?
10
What is the value of 3689 + -3707 + (1 + -2 - -12)?
-7
-13 + (24 - -8) + -7
12
Calculate 8 + 28 + -10 + -26.
0
-24 + 5 + 6 + 1 - 7
-19
(65 + 37 - 132) + (-6 - 2 - 1)
-39
Evaluate -5 + (3 + -8 + -5 - -6) + 6.
-3
Calculate -7 + (-26 - -39 - 6).
0
What is the value of (-360 - -373) + 0 + 0?
13
What is 9 + (23 - 22) + -15?
-5
What is the value of 7 - (6 + (22 - (-7 + 18)))?
-10
Calculate -63 - -56 - (-3 - 0) - (1 + 6).
-11
857 + -848 + (1 - 1) + -18
-9
8 + -9 - 4 - -5
0
What is the value of 18 + 7 + -4 + 1 + (271 - 265)?
28
What is 0 - -1 - (44 + -34) - -5 - -5?
1
Calculate -5 + -1 + -1 - (8 + -13) - 6.
-8
2 - 1 - ((-60 - -54) + -6)
13
Calculate 13 + (9 + -25 - 7).
-10
Calculate 8 + (-3 + -1 - (9 - 11) - -10).
16
What is the value of 0 - (3 + 1 + (-51 - -14))?
33
What is 104 + -85 - ((-1 - -1) + 41)?
-22
Calculate 1 + -8 - -1 - (490 + -486).
-10
What is -104 + 100 - (0 - -2 - 2 - 28)?
24
Calculate 9 - ((0 - 2) + -1 - (-46 + 43)).
9
What is the value of ((11 - 7) + 0 - -1 - -4) + -3?
6
Evaluate 19 - (3 + 1 + (-4 - -5) - 1).
15
What is the value of 19 - (-35 + 23 - -34)?
-3
What is 70 + -63 + 2 + -2?
7
What is the value of (2 - -6) + (-10 - 12)?
-14
What is -2 - (-14 + (-20 - -13 - -9))?
10
What is the value of -1 + -6 + (8 - (-8 + 7))?
2
30 + -46 + -5 + 52
31
Calculate 31 - (29 - (6 + 5)).
13
Calculate 3 - (-7 - (-39 + 18)).
-11
Calculate 8 + (-4 - 2) + -9 + 6.
-1
What is the value of 1 + (5 - (3 - 4)) + -9 - 2?
-4
What is -5 - (-13 - (12 - 3 - 4 - 11))?
2
3 - ((4 + 3 - -1) + 7)
-12
What is the value of (0 - ((-10 - -4) + 4)) + -9 + -4?
-11
Evaluate -1 + ((5 - (0 - 0)) + 2 - 1).
5
1 + -3 - (-15 - -13 - -4)
-4
(0 - -14) + (-2 - (-35 - -53))
-6
Evaluate -28 + (28 - 5) + -13.
-18
Evaluate -22 + 1 + 43 + -20.
2
What is (3 - 0 - 1) + (3 - 10)?
-5
Calculate -50 - -20 - -55 - 24.
1
Evaluate -64 - -38 - -28 - (-1 - (-1 - -1)).
3
What is the value of -7 + (8 - ((-6 - -2) + 13 + -4))?
-4
What is the value of (-3 - ((-4 - 3) + 3 